{"id":11069,"date":"2012-06-18T16:50:02","date_gmt":"2012-06-18T14:50:02","guid":{"rendered":"http:\/\/www.dottobi.de\/blog\/?page_id=11069"},"modified":"2022-09-08T13:44:19","modified_gmt":"2022-09-08T11:44:19","slug":"verbrauchsstatistik-excel","status":"publish","type":"page","link":"https:\/\/blog.dottobi.de\/?page_id=11069","title":{"rendered":"Verbrauchsstatistik (Excel)"},"content":{"rendered":"\n<iframe loading=\"lazy\" src=\"https:\/\/rcm-eu.amazon-adsystem.com\/e\/cm?o=3&amp;p=48&amp;l=ur1&amp;category=visakarte&amp;banner=0KVB3KJ91ENBPSWNAB82&amp;f=ifr&amp;linkID=bcd87dcc74b63d9e315d9697bdd41f8b&amp;t=dottobi-21&amp;tracking_id=dottobi-21\" width=\"728\" height=\"90\" scrolling=\"no\" border=\"0\" marginwidth=\"0\" style=\"border:none;\" frameborder=\"0\" sandbox=\"allow-scripts allow-same-origin allow-popups allow-top-navigation-by-user-activation\"><\/iframe>\n\n\n\n<hr class=\"wp-block-separator\"\/>\n\n\n\n<p>Stromverbrauch senken ? Wasserverbrauch <strong>\u00fcberwachen<\/strong> ? Abschlagscheck durchf\u00fchren ? -&gt; Excel Vorlage herunterladen.<\/p>\n\n\n\n<p>Aufgrund einer Anfrage eines Freundes habe ich zur <strong>monatlichen Verbrauchserfassung von Strom, Wasser und Fernw\u00e4rme<\/strong> eine Excel-Vorlage erstellt.<br>Nach Eingabe von Z\u00e4hlerstand und Preis pro Einheit werden Verbrauch und Kosten errechnet.<\/p>\n\n\n\n<p><em>edit 04.06.2012 :<\/em> Da auf deutschen H\u00e4usern immer h\u00e4ufiger&nbsp;<strong>Photovoltaik-Anlagen<\/strong>&nbsp;zu finden sind, habe ich, aufgrund einer Anfrage (<a href=\"https:\/\/blog.dottobi.de\/?page_id=1257\">Kontaktformular<\/a>), die Vorlage um die Erfassungsm\u00f6glichkeit der Leistung der PV-Anlage erweitert (ab Version 1.4). Die Einspeiseverg\u00fctung wird autom. berechnet. &#8211; Das ist nat\u00fcrlich optional verwendbar, nicht zwingend f\u00fcr die Funktion der Excel-Tabelle.<\/p>\n\n\n\n<p>Die Kosten werden grafisch in 4 einzelnen Diagrammen dargestellt. Das 4. Diagramm zeigt die Einnahmen aus der Stromeinspeiseverg\u00fctung.<\/p>\n\n\n\n<p>Verbrauchsstatistik als Excel-Vorlage :<\/p>\n\n\n\n<p><strong>Features :<\/strong><\/p>\n\n\n\n<ul class=\"wp-block-list\"><li>vorbereitet f\u00fcr 4 Verbrauchswerte, z.B. Strom, Wasser (kalt &amp; warm), Fernw\u00e4rme\/Heizung<\/li><li>Z\u00e4hlerstandserfassung pro Monat<\/li><li>optional : Z\u00e4hlerstandserfassung t\u00e4glich !<\/li><li>jede Verbrauchsreihe (Kosten) dargestellt im Diagramm<\/li><li>Verbrauch in Summe und im Monatsdurchschnitt<\/li><li>Erfassung : Preis pro Verbrauchseinheit und Grundpreis pro Monat (<em>update!<\/em>)<\/li><li>F\u00fcr Mieter : Erfassung der monatl. Abschlagszahlung (Nebenkosten) und Check gegen aktuelle Kosten<\/li><li>Einnahmen : Berechnung der Einspeiseverg\u00fctung der Photovoltaikanlage (<em>update!<\/em>)<\/li><li>Stromlieferung und -bezug getrennt erfassbar (nach <a href=\"https:\/\/de.wikipedia.org\/wiki\/OBIS-Kennzahlen\" target=\"_blank\" rel=\"noopener noreferrer\">OBIS<\/a>-Kennzahl 1.8.1 \/ 2.8.1)<\/li><li>Hervorhebung der Werth\u00f6he je Reihe (min.\/max.\/Ampelfarbe)<\/li><li>Gruppierungsm\u00f6glichkeit, z.B. f\u00fcr komprimierten Ausdruck<\/li><li>vorbereitet f\u00fcr Druckausgabe, A4-quer<\/li><li>keine passwort-gesch\u00fctzten Zellen \/ kein Blattschutz \/ o.\u00e4.<\/li><\/ul>\n\n\n\n<p>&#8211; <strong>Kostenloser Download<\/strong> !&nbsp;(virenfrei, malwarefrei, ad-free, makro-frei !)<\/p>\n\n\n\n<p><strong>.xlsx (v1.8)<\/strong>&nbsp;: Download&nbsp; <a href=\"https:\/\/blog.dottobi.de\/wp-content\/uploads\/2016\/05\/Verbrauchskosten-v1.8.xlsx\" target=\"_blank\" rel=\"noopener noreferrer\"><img loading=\"lazy\" decoding=\"async\" class=\"alignnone\" title=\"Download .xlsx\" src=\"https:\/\/blog.dottobi.de\/wp-content\/uploads\/2011\/02\/download.gif\" alt=\"Download .xlsx\" width=\"32\" height=\"32\"><\/a>&#8211; oder (<a href=\"https:\/\/view.officeapps.live.com\/op\/view.aspx?src=https%3A%2F%2Fblog.dottobi.de%2Fwp-content%2Fuploads%2F2016%2F05%2FVerbrauchskosten-v1.8.xlsx\" target=\"_blank\" rel=\"noopener noreferrer\">Vorschau<\/a>), f\u00fcr MS Excel 2007\/2010\/2013\/2016\/2019 (bzw. Microsoft 365) oder auch OpenOffice&amp;LibreOffice<\/p>\n\n\n\n<p><span style=\"line-height: 1.5em;\">(Wie funktioniert die verlinkte &#8222;Vorschau&#8220; : MS Office Online Viewer erkl\u00e4rt <\/span><a style=\"line-height: 1.5em;\" href=\"https:\/\/go.microsoft.com\/fwlink\/p\/?LinkId=402276\" target=\"_blank\" rel=\"noopener noreferrer\">hier<\/a><span style=\"line-height: 1.5em;\">)<\/span><\/p>\n\n\n\n<hr class=\"wp-block-separator\"\/>\n\n\n\n<p>Falls Ihnen diese Vorlage <strong>gef\u00e4llt<\/strong>, w\u00fcrde ich mich \u00fcber eine <strong>Spende<\/strong> freuen (Betrag frei w\u00e4hlbar \/ Zahlungsdienstleister ist Paypal)&nbsp;<!-- Begin PayPal Donations by https:\/\/www.tipsandtricks-hq.com\/paypal-donations-widgets-plugin -->\n\n<form action=\"https:\/\/www.paypal.com\/cgi-bin\/webscr\" method=\"post\" target=\"_blank\">\n    <div class=\"paypal-donations\">\n        <input type=\"hidden\" name=\"cmd\" value=\"_donations\" \/>\n        <input type=\"hidden\" name=\"bn\" value=\"TipsandTricks_SP\" \/>\n        <input type=\"hidden\" name=\"business\" value=\"TWahl.ITservice@gmail.com\" \/>\n        <input type=\"hidden\" name=\"return\" value=\"http:\/\/blog.dottobi.de\/?page_id=12487\" \/>\n        <input type=\"hidden\" name=\"item_name\" value=\"xls_Verbrauchsstatistik\" \/>\n        <input type=\"hidden\" name=\"item_number\" value=\"xls_Verbrauchsstatistik\" \/>\n        <input type=\"hidden\" name=\"amount\" value=\"20\" \/>\n        <input type=\"hidden\" name=\"rm\" value=\"0\" \/>\n        <input type=\"hidden\" name=\"currency_code\" value=\"EUR\" \/>\n        <input type=\"image\" style=\"cursor: pointer;\" src=\"https:\/\/www.paypalobjects.com\/de_DE\/DE\/i\/btn\/btn_donateCC_LG.gif\" name=\"submit\" alt=\"PayPal - The safer, easier way to pay online.\" \/>\n        <img loading=\"lazy\" decoding=\"async\" alt=\"\" src=\"https:\/\/www.paypalobjects.com\/en_US\/i\/scr\/pixel.gif\" width=\"1\" height=\"1\" \/>\n    <\/div>\n<\/form>\n<!-- End PayPal Donations -->\n<\/p>\n\n\n\n<hr class=\"wp-block-separator\"\/>\n\n\n\n<p>Screenshot Excel 2013<\/p>\n\n\n\n<figure class=\"wp-block-image\"><a href=\"https:\/\/blog.dottobi.de\/wp-content\/uploads\/2012\/06\/15-12-2014-20-04-20.png\"><img loading=\"lazy\" decoding=\"async\" width=\"1024\" height=\"964\" src=\"https:\/\/blog.dottobi.de\/wp-content\/uploads\/2012\/06\/15-12-2014-20-04-20-1024x964.png\" alt=\"15-12-2014 20-04-20\" class=\"wp-image-12398\" srcset=\"https:\/\/blog.dottobi.de\/wp-content\/uploads\/2012\/06\/15-12-2014-20-04-20-1024x964.png 1024w, https:\/\/blog.dottobi.de\/wp-content\/uploads\/2012\/06\/15-12-2014-20-04-20-300x282.png 300w, https:\/\/blog.dottobi.de\/wp-content\/uploads\/2012\/06\/15-12-2014-20-04-20.png 1042w\" sizes=\"auto, (max-width: 1024px) 100vw, 1024px\" \/><\/a><\/figure>\n\n\n\n<p>&#8230;<\/p>\n\n\n\n<p>Fragen ? Erg\u00e4nzungen ? Kommentare ? <strong>Bug<\/strong> gefunden ? &#8211;&gt; Bitte als Kommentar unten posten. Danke.<\/p>\n\n\n\n<p>&#8230;<\/p>\n\n\n\n<p>Release log :&nbsp;(original : 12.02.2011 \/ update : 02.06.2011 + 24.09.2011 + 04.06.2012 + 02.01.2014 + 15.12.2014 + 01.12.2015 + 31.05.2016)<\/p>\n\n\n\n<hr class=\"wp-block-separator\"\/>\n\n\n\n<iframe loading=\"lazy\" src=\"https:\/\/rcm-eu.amazon-adsystem.com\/e\/cm?o=3&amp;p=48&amp;l=ur1&amp;category=visakarte&amp;banner=0KVB3KJ91ENBPSWNAB82&amp;f=ifr&amp;linkID=bcd87dcc74b63d9e315d9697bdd41f8b&amp;t=dottobi-21&amp;tracking_id=dottobi-21\" width=\"728\" height=\"90\" scrolling=\"no\" border=\"0\" marginwidth=\"0\" style=\"border:none;\" frameborder=\"0\" sandbox=\"allow-scripts allow-same-origin allow-popups allow-top-navigation-by-user-activation\"><\/iframe>\n","protected":false},"excerpt":{"rendered":"<p>Stromverbrauch senken ? Wasserverbrauch \u00fcberwachen ? Abschlagscheck durchf\u00fchren ? -&gt; Excel Vorlage herunterladen. Aufgrund einer Anfrage eines Freundes habe ich zur monatlichen Verbrauchserfassung von Strom, Wasser und Fernw\u00e4rme eine Excel-Vorlage erstellt.Nach Eingabe von Z\u00e4hlerstand und Preis pro Einheit werden Verbrauch und Kosten errechnet. edit 04.06.2012 : Da auf deutschen H\u00e4usern immer h\u00e4ufiger&nbsp;Photovoltaik-Anlagen&nbsp;zu finden sind, habe [&hellip;]<\/p>\n","protected":false},"author":1,"featured_media":0,"parent":0,"menu_order":20,"comment_status":"open","ping_status":"open","template":"","meta":{"footnotes":""},"class_list":["post-11069","page","type-page","status-publish","hentry"],"_links":{"self":[{"href":"https:\/\/blog.dottobi.de\/index.php?rest_route=\/wp\/v2\/pages\/11069","targetHints":{"allow":["GET"]}}],"collection":[{"href":"https:\/\/blog.dottobi.de\/index.php?rest_route=\/wp\/v2\/pages"}],"about":[{"href":"https:\/\/blog.dottobi.de\/index.php?rest_route=\/wp\/v2\/types\/page"}],"author":[{"embeddable":true,"href":"https:\/\/blog.dottobi.de\/index.php?rest_route=\/wp\/v2\/users\/1"}],"replies":[{"embeddable":true,"href":"https:\/\/blog.dottobi.de\/index.php?rest_route=%2Fwp%2Fv2%2Fcomments&post=11069"}],"version-history":[{"count":39,"href":"https:\/\/blog.dottobi.de\/index.php?rest_route=\/wp\/v2\/pages\/11069\/revisions"}],"predecessor-version":[{"id":13193,"href":"https:\/\/blog.dottobi.de\/index.php?rest_route=\/wp\/v2\/pages\/11069\/revisions\/13193"}],"wp:attachment":[{"href":"https:\/\/blog.dottobi.de\/index.php?rest_route=%2Fwp%2Fv2%2Fmedia&parent=11069"}],"curies":[{"name":"wp","href":"https:\/\/api.w.org\/{rel}","templated":true}]}}