{"id":12217,"date":"2012-09-09T09:03:21","date_gmt":"2012-09-09T07:03:21","guid":{"rendered":"http:\/\/www.dottobi.de\/blog\/?page_id=12217"},"modified":"2017-10-26T20:52:23","modified_gmt":"2017-10-26T18:52:23","slug":"ressourcen-abc","status":"publish","type":"page","link":"https:\/\/blog.dottobi.de\/?page_id=12217","title":{"rendered":"Ressourcen-ABC"},"content":{"rendered":"<p>Das Folgende ist eine gute <strong>Hilfe in Zeiten gedr\u00fcckter Stimmung<\/strong><br \/>\n(&#8222;es trifft immer mich&#8220;, &#8222;es ist sowieso alles schlecht&#8220;, &#8222;ich bekomme nichts hin&#8220;, &#8222;ich bin nichts wert&#8220;, &#8230;) :<\/p>\n<p><strong>das Ressourcen-ABC<\/strong><\/p>\n<p>Was ist eine Ressource ? (Psychologie)<\/p>\n<p>Ressource ist alles, das einem Kraft spendet. Das als pers\u00f6nliche(!) Energiequelle bekannt ist.<br \/>\nDeshalb kann der Umfang beinahe unbegrenzt sein.<\/p>\n<p>Eine Ressource ist immer <strong>positiv<\/strong> !<\/p>\n<p>Ganz wichtig : das hat nichts mit dem landl\u00e4ufigen Ausdruck von &#8222;Positivem Denken&#8220; zu tun !!<\/p>\n<p>Um deine pers\u00f6nliche Sammlung zu beginnen, hier ein Gedankenansto\u00df,<br \/>\n<strong>Ressource<\/strong><strong>n<\/strong> <strong>k\u00f6nnen z.B. sein :<\/strong> Erlebnis, positive Erinnerung, F\u00e4higkeiten (St\u00e4rken, Eigenschaften), &#8230; , Menschen, Familie, Tiere, (Wohlf\u00fchl-)Ort, Gef\u00fchl von Freude\/Spa\u00df\/Zufriedenheit\/o.\u00e4., Wunsch, Ziele, Gl\u00fccksmomente, &#8230;<br \/>\nAuf welche gemeisterten Leistungen bzw. Situationen bin ich stolz ?<br \/>\nWas habe ich als Kind \/ als Jugendlicher gern gemacht ?<br \/>\n&#8230;<\/p>\n<p><strong>Wieso &#8222;Ressourcen-ABC&#8220; ?<\/strong><\/p>\n<p>Nehme dir vor, jeden Tag einen Buchstaben aus dem Alphabet zu w\u00e4hlen. Und schreibe dann zu diesem Buchstaben mind. 3 Ressourcen.<br \/>\nWichtig : spontan \u00fcberlegen, und wenn nichts in den Sinn kommt, dann nicht versuchen, es zu erzwingen. Perfektionismus ist kontraproduktiv !<\/p>\n<p><strong>Diese Ressourcen-Liste gut aufbewahren (u. immer weiterf\u00fchren).<br \/>\nBei Bedarf hervorholen und darin lesen !<\/strong><\/p>\n<p>Diese Liste kann man auch sehr gut mit dem Partner zusammen f\u00fchren. Einfach immer wieder etwas in ein B\u00fcchlein notieren.<\/p>\n<p>&#8212;&#8212;&#8212;&#8212;-<\/p>\n<p>Ein kleines Beispiel :<\/p>\n<p>A : Auto, Achtsam sein,<br \/>\nG : Geduld,<br \/>\nL : Lesen,<br \/>\nO : Oma&amp;Opa, Ordnung,<br \/>\nP : Pizza, Paris, Pause<br \/>\nR : Ruhe,<br \/>\nU : Urlaub,<br \/>\nZ : Zoo,<\/p>\n<p>usw.<\/p>\n<p>&#8212;&#8212;&#8212;&#8212;-<\/p>\n<p>Und falls mal wieder die Arbeitslast \u00fcber einen hereinbricht, <strong>Pause forte<\/strong> (Anleitung, Video, Nebenwirkungen <a href=\"http:\/\/www.schmerzpsychoedukation.de\/pause-forte.html\" target=\"_blank\" rel=\"noopener\">hier<\/a>) nehmen \ud83d\ude09<\/p>\n<p>Wikipedia-<a href=\"http:\/\/de.wikipedia.org\/wiki\/Ressource#Psychotherapie\" target=\"_blank\" rel=\"noopener noreferrer\">Artikel<\/a><\/p>\n<p>Podcast zu Ressourcen : <a href=\"http:\/\/www.psychoton.de\/mp3s\/Ressourcen-erkennen-und-foerdern-Martin-von-Wachter.mp3\" target=\"_blank\" rel=\"noopener noreferrer\">M. von Wachter<\/a> (18:15min)<\/p>\n<p>&#8222;Berner Ressourcen-Inventar&#8220; : <a href=\"http:\/\/www.troesken.eu\/inventory.html\" target=\"_blank\" rel=\"noopener noreferrer\">Link<\/a><\/p>\n","protected":false},"excerpt":{"rendered":"<p>Das Folgende ist eine gute Hilfe in Zeiten gedr\u00fcckter Stimmung (&#8222;es trifft immer mich&#8220;, &#8222;es ist sowieso alles schlecht&#8220;, &#8222;ich bekomme nichts hin&#8220;, &#8222;ich bin nichts wert&#8220;, &#8230;) : das Ressourcen-ABC Was ist eine Ressource ? (Psychologie) Ressource ist alles, das einem Kraft spendet. Das als pers\u00f6nliche(!) Energiequelle bekannt ist. Deshalb kann der Umfang beinahe [&hellip;]<\/p>\n","protected":false},"author":1,"featured_media":0,"parent":0,"menu_order":310,"comment_status":"open","ping_status":"open","template":"","meta":{"footnotes":""},"class_list":["post-12217","page","type-page","status-publish","hentry"],"_links":{"self":[{"href":"https:\/\/blog.dottobi.de\/index.php?rest_route=\/wp\/v2\/pages\/12217","targetHints":{"allow":["GET"]}}],"collection":[{"href":"https:\/\/blog.dottobi.de\/index.php?rest_route=\/wp\/v2\/pages"}],"about":[{"href":"https:\/\/blog.dottobi.de\/index.php?rest_route=\/wp\/v2\/types\/page"}],"author":[{"embeddable":true,"href":"https:\/\/blog.dottobi.de\/index.php?rest_route=\/wp\/v2\/users\/1"}],"replies":[{"embeddable":true,"href":"https:\/\/blog.dottobi.de\/index.php?rest_route=%2Fwp%2Fv2%2Fcomments&post=12217"}],"version-history":[{"count":6,"href":"https:\/\/blog.dottobi.de\/index.php?rest_route=\/wp\/v2\/pages\/12217\/revisions"}],"predecessor-version":[{"id":12659,"href":"https:\/\/blog.dottobi.de\/index.php?rest_route=\/wp\/v2\/pages\/12217\/revisions\/12659"}],"wp:attachment":[{"href":"https:\/\/blog.dottobi.de\/index.php?rest_route=%2Fwp%2Fv2%2Fmedia&parent=12217"}],"curies":[{"name":"wp","href":"https:\/\/api.w.org\/{rel}","templated":true}]}}