{"id":12243,"date":"2013-02-21T19:58:01","date_gmt":"2013-02-21T18:58:01","guid":{"rendered":"http:\/\/www.dottobi.de\/blog\/?page_id=12243"},"modified":"2018-07-28T19:50:09","modified_gmt":"2018-07-28T17:50:09","slug":"android-entsperrmuster-falsch-eingegeben","status":"publish","type":"page","link":"https:\/\/blog.dottobi.de\/?page_id=12243","title":{"rendered":"Android Entsperrmuster falsch eingegeben"},"content":{"rendered":"<p><a href=\"https:\/\/www.dottobi.de\/blog\/wp-content\/uploads\/2013\/02\/lock-screen4.2.jpg\"><img loading=\"lazy\" decoding=\"async\" class=\"size-full wp-image-12260 aligncenter\" src=\"https:\/\/www.dottobi.de\/blog\/wp-content\/uploads\/2013\/02\/lock-screen4.2.jpg\" alt=\"\" width=\"252\" height=\"420\" srcset=\"https:\/\/blog.dottobi.de\/wp-content\/uploads\/2013\/02\/lock-screen4.2.jpg 252w, https:\/\/blog.dottobi.de\/wp-content\/uploads\/2013\/02\/lock-screen4.2-180x300.jpg 180w\" sizes=\"auto, (max-width: 252px) 100vw, 252px\" \/><\/a><\/p>\n<p style=\"text-align: center;\">Sehr h\u00e4ufig werde ich gefragt,\u00a0&#8222;An meinem Android-Ger\u00e4t wurde das<\/p>\n<p style=\"text-align: center;\"><strong>Entsperrmuster zu oft falsch eingegeben<\/strong><\/p>\n<p style=\"text-align: center;\">Wie kann ich das Ger\u00e4t wieder entsperren ?&#8220;<\/p>\n<p>Nach mehrfacher Fehleingabe des Musters fordern die Ger\u00e4te h\u00e4ufig zur Eingabe der eigenen GMail\/GoogleMail-Adresse auf. Ebenso wird das Passwort abgefragt. Sind diese Daten bekannt, ist der Zugang zum Ger\u00e4t wieder frei.<\/p>\n<p style=\"padding-left: 30px;\"><em>Zusatz-Info bzgl. <strong>Google-Konto und Passwort<\/strong> :\u00a0Wer in der Phase des gesperrten Androiden das Passwort seines Google-Kontos \u00e4ndert, z.B. am PC, \u00e4ndert damit das Passwort nicht auf dem Ger\u00e4t. Das Ger\u00e4t ist quasi offline. Nachdem man wieder Zugriff am Ger\u00e4t hat, muss man das alte Passwort eingeben !<\/em><\/p>\n<p>Die Freischaltung des Ger\u00e4ts scheitert, wenn der Name des eigenen Google-Kontos (= GMail-Adresse) nicht mehr bekannt ist. Tipp : Falls das GMail-Konto zum Mailversand verwendet wurde, so sollte ein Mail-Empf\u00e4nger gefragt werden, die GMailadresse aus seinen empfangenen Mails herauszusuchen.<\/p>\n<p>Ist der<strong> Name des Google-Kontos<\/strong> bekannt, aber das Passwort wurde vergessen, so kann ein Freischaltversuch auf der Google-Website gestartet werden (am PC !) -&gt;\u00a0<a title=\"Google Account Recovery\" href=\"https:\/\/accounts.google.com\/recovery\" target=\"_blank\">https:\/\/accounts.google.com\/recovery<\/a>\u00a0.\u00a0Hier werden z.B. eine hinterlegte, alternative Emailadresse oder eine Handynummer abgefragt.<\/p>\n<p>Sind all die vorangegangenen L\u00f6sungsversuche gescheitert, so bleibt nur noch der <strong>Hard Reset<\/strong> des Ger\u00e4ts (Hard Reset, teilw. auch als <strong>Factory Reset oder Wipe<\/strong>\u00a0bezeichnet, da das Ger\u00e4t auf Werkseinstellungen zur\u00fcckgesetzt wird.)<\/p>\n<p>Wie man einen Hard Reset ausf\u00fchrt, unterscheidet sich von Ger\u00e4t zu Ger\u00e4t. Hier muss entweder das Handbuch des Ger\u00e4ts oder die <a href=\"https:\/\/www.google.de\" target=\"_blank\">Google-Suche<\/a> bem\u00fcht werden.<\/p>\n<p>Der Vorgang ist kein &#8222;Hexenwerk&#8220;, auch muss dazu kein Handy-Verk\u00e4ufer aufgesucht werden. Es muss keine &#8222;Ersatzsoftware&#8220; o.\u00e4. f\u00fcr teures Geld aufgespielt werden. Das Android-Betriebssystem befindet sich im Ur-Zustand noch auf dem Ger\u00e4t, es muss lediglich neu gestartet werden. Der Neustart kann normalerweise \u00fcber eine <strong>Tastenkombination<\/strong> ausgel\u00f6st werden.<\/p>\n<p>Dieser &#8222;Neustart&#8220; bedeutet allerdings, dass<strong> alle Daten und Einstellungen verloren<\/strong> gehen !<\/p>\n<p>Steckt im Ger\u00e4t eine SD-Speicherkarte, so ist es wahrscheinlich, dass diese Daten den Hard Reset \u00fcberstehen.<\/p>\n<p>&#8212;<\/p>\n<p>Die beispielhafte <a href=\"http:\/\/www.google.de\/search?q=Hard+Reset+Samsung+Galaxy+S2\" target=\"_blank\">Google-Suche<\/a> f\u00fcr den <strong>Hard Reset des Samsung Galaxy S2 (<strong>i9100)<\/strong><\/strong> liefert folgende Vorgehensweise :<\/p>\n<p>&#8211; Ger\u00e4t ausschalten<br \/>\n&#8211; Lauter (Volume Up)-Taste + Einschalttaste + Home-Taste (unten, Mitte) gleichzeitig dr\u00fccken und halten<br \/>\n&#8211; Sobald das Android-M\u00e4nnchen zu sehen ist die Tasten loslassen<br \/>\n&#8211; Mit der Laut\/Leise-Taste zu\u00a0wipe\/data factory reset\u00a0scrollen<br \/>\n&#8211; Mit der Ein\/Ausschalttaste best\u00e4tigen<br \/>\n&#8211; Weiter runter scrollen bis &#8222;Yes &#8212; delete all user data&#8220;<br \/>\n&#8211; Mit der Ein\/Ausschalttaste best\u00e4tigen<br \/>\nSobald in gelber Schrift &#8222;Data wipe complete&#8220; erscheint, kann im oberen blauen Feld &#8222;reboot system now&#8220; ausgew\u00e4hlt und mit der Ein\/Ausschalttaste best\u00e4tigt werden.<\/p>\n<p>F\u00fcr das <strong>Samsung Galaxy S3<\/strong>\u00a0ist der Vorgang identisch !<\/p>\n<p>&nbsp;<\/p>\n","protected":false},"excerpt":{"rendered":"<p>Sehr h\u00e4ufig werde ich gefragt,\u00a0&#8222;An meinem Android-Ger\u00e4t wurde das Entsperrmuster zu oft falsch eingegeben Wie kann ich das Ger\u00e4t wieder entsperren ?&#8220; Nach mehrfacher Fehleingabe des Musters fordern die Ger\u00e4te h\u00e4ufig zur Eingabe der eigenen GMail\/GoogleMail-Adresse auf. Ebenso wird das Passwort abgefragt. Sind diese Daten bekannt, ist der Zugang zum Ger\u00e4t wieder frei. Zusatz-Info bzgl. [&hellip;]<\/p>\n","protected":false},"author":1,"featured_media":0,"parent":0,"menu_order":25,"comment_status":"open","ping_status":"open","template":"","meta":{"footnotes":""},"class_list":["post-12243","page","type-page","status-publish","hentry"],"_links":{"self":[{"href":"https:\/\/blog.dottobi.de\/index.php?rest_route=\/wp\/v2\/pages\/12243","targetHints":{"allow":["GET"]}}],"collection":[{"href":"https:\/\/blog.dottobi.de\/index.php?rest_route=\/wp\/v2\/pages"}],"about":[{"href":"https:\/\/blog.dottobi.de\/index.php?rest_route=\/wp\/v2\/types\/page"}],"author":[{"embeddable":true,"href":"https:\/\/blog.dottobi.de\/index.php?rest_route=\/wp\/v2\/users\/1"}],"replies":[{"embeddable":true,"href":"https:\/\/blog.dottobi.de\/index.php?rest_route=%2Fwp%2Fv2%2Fcomments&post=12243"}],"version-history":[{"count":19,"href":"https:\/\/blog.dottobi.de\/index.php?rest_route=\/wp\/v2\/pages\/12243\/revisions"}],"predecessor-version":[{"id":12756,"href":"https:\/\/blog.dottobi.de\/index.php?rest_route=\/wp\/v2\/pages\/12243\/revisions\/12756"}],"wp:attachment":[{"href":"https:\/\/blog.dottobi.de\/index.php?rest_route=%2Fwp%2Fv2%2Fmedia&parent=12243"}],"curies":[{"name":"wp","href":"https:\/\/api.w.org\/{rel}","templated":true}]}}